 -25?
-16
Calculate -26 + (14 - -25 - 17).
-4
(-1 - 2) + -13 + (13 - 0)
-3
What is the value of -1 + (-2 - (-8 - -2)) - 10?
-7
Evaluate 7 + -1 + 7 + (0 - 8) + 3.
8
Evaluate (-41 - -50) + (3 - 1 - -7).
18
Evaluate -6 + -14 + -44 + 89.
25
What is (-5 - (-10 + -3)) + -13?
-5
What is -16 + 0 + (-240 - -248) - -2?
-6
Evaluate -3 - (-7 - (6 + (-28 - -11))).
-7
What is the value of 6 + -4 + 2 + -17 + (-6 - -6)?
-13
What is the value of (2 - -1 - (-45 - -34)) + -7 + 6?
13
What is (12 - 14) + -18 + 8?
-12
Evaluate 8 + (6 + -4 + -3 - 18).
-11
Evaluate 7 - (-4 - (-7 - (-3 + 5 - 9))).
11
28 - ((24 - 11) + 12)
3
-1 - -5 - (-9 - (-28 + 31) - 3)
19
Calculate 12 + -9 + -2 + -11.
-10
Calculate (-16 - -5 - (1 + -33)) + -11.
10
What is (-19 - -37) + 0 + -11 + 0?
7
Evaluate (-1 - -13 - (-6 + (8 - 1))) + -30.
-19
What is the value of -18 + 12 + (-5 - -1) - (-8 - 2)?
0
Evaluate (7 - 9) + -13 + -11.
-26
What is -1 + 7 + 1 + (0 - 10)?
-3
-10 + 9 + 4 + -10 + 25
18
Calculate 2 + (0 - 1) + 114 + -229 + 91.
-23
What is the value of (12 - (-18 - -30)) + (0 - 5)?
-5
Calculate -6 + (15 - (3 - -16)).
-10
What is the value of -2 + 7 - (-79 - -58)?
26
Evaluate -45 - ((-23 - 56) + 33).
1
What is (-6 + -24 - -2) + 6 - -9?
-13
Evaluate 18 + -9 - 3 - (-4 - -1).
9
What is the value of 9 + -6 + 4 + 1 + (2 - 1)?
9
Evaluate 0 - 4 - 0 - (14 - 7).
-11
-2 - (7 + -15 + 1 + (6 - -8))
-9
What is the value of (17 - 3) + -15 + -4 - (-2 + 0)?
-3
Evaluate 11 + -12 + 62 + -25.
36
Calculate -1 + 0 + 39 - (-120 - -114 - -8).
36
What is 34 + 17 + -66 + 25?
10
What is -5 + (3 - (2 - 19))?
15
Evaluate (8 - (22 - 16)) + 3.
5
What is -32 - (-64 - -25 - -7)?
0
59 + -62 + (43 - 14)
26
Evaluate -2 - (18 + -11 + -15 + 4).
2
Evaluate -2 + -1 - (-6 + (-25 - -36)).
-8
What is (3 - -14) + (27 - 38)?
6
What is -22 + (-38 - -40) - ((0 - 8) + 0)?
-12
Calculate (1 - -4) + (-5 - (11 + -27) - 8).
8
What is 0 + 0 - -1 - -1 - (6 + -13)?
9
-3 - (3 - 3 - 4) - (-66 - -65)
2
What is the value of -42 - -73 - (-1 - -5 - -1)?
26
Evaluate 2 + 6 + (-95 - -75) + 37.
25
5 + -7 + 28 - 11
15
Calculate -4 + (-1 + (11 - 14) - (-1 + -3)).
-4
What is the value of -4 - (-3 + 10 - (-15 + 7 + 8))?
-11
What is -38 + 31 + 3 + (-10 - -2)?
-12
Calculate 0 + 10 - ((7 - -42) + -31).
-8
Calculate -13 - -1 - (22 + -23 + -6 + 12).
-17
Evaluate 10 + 1 - (-10 - -7 - -8 - 6).
12
Evaluate -22 + 19 + -4 + -2 + 0.
-9
What is -7 - (-13 + 11 + (-4 - 0) + -1)?
0
-4 + (11 - 9) + 7 + -4
1
What is the value of (-12 - 10 - -20) + -8?
-10
What is 2 - (8 + 4) - -20?
10
What is -8 - (-1 + (5 - -3))?
-15
(77 + -61 - 22) + (-8 - -1)
-13
What is 36 - (-14 + 39) - 15?
-4
Calculate 1 + (3 - (-1 + (5 - -2))).
-2
Calculate (5 - (-9 + 4)) + -28 - -7 - -37.
26
Calculate -27 + (-8 - (-1 + -15)).
-19
10 + (17 - 22) + (-1 - -3)
7
Evaluate -29 + 23 + -8 + 3.
-11
Calculate (-5 - (0 - -21)) + 34.
8
What is the value of 6 - (8 - (2 + 6)) - (-3 - -2)?
7
Calculate 15 + -21 + (-20 - -2 - -7 - -2).
-15
Calculate 5 + -13 - -3 - 1 - 5.
-11
Evaluate (-176 - -180 - (18 - 2)) + 11.
-1
Calculate 4 + 0 + -1 + (0 - (-3 + -3)).
9
What is the value of 5 + (-2 - (-3 - -5)) - (2 - 5)?
4
Calculate 17 - (-8 - (19 - 74) - 20).
-10
-4 - 33 - (26 - 48)
-15
Evaluate 6 - 2 - (-3 + 3) - 0.
4
(15 + 11 + -15 - -5) + 18
34
Evaluate -1 + -7 + (23 - 20).
-5
7 + -13 + -29 - -1
-34
5 + 7 + -15 + 4 + 19
20
Evaluate 13 + (-6 - -9) + (0 - (-3 - 1)).
20
What is the value of 17 + 3 + 0 + -13?
7
Evaluate -11 + -2 - (69 + -73) - -12.
3
What is the value of -7 + 0 - (-463 - -468)?
-12
What is -4 - (15 - 7 - (14 - 3))?
-1
4 - (-26 + 29) - (-7 - (2 - 1))
9
Evaluate -3 - -9 - (4 + 5 - -3) - -11.
5
What is the value of -18 - ((35 - 68) + 9)?
6
(1 + -13 - -7 - -9) + -28 + 3
-21
Calculate 2 + 10 + -360 + 338.
-10
-461 - -463 - (0 + 39 + 3 - 3)
-37
What is (1 - 11) + (16 + -20 - (11 - -1))?
-26
Evaluate (-17 - (13 + -27)) + 5 + 3 + -2.
3
What is the value of -7 - (-1 + (6 - 6) + (7 - 12))?
-1
What is 2 - -2 - -2 - (-20 - -4)?
22
Evaluate (17 - (11 - -6)) + 5.
5
(-3 + 0 - -9) + (4 - 2)
8
Calculate 4 + -21 + 9 + -1 + 1 + -5.
-13
What is 33 + -2 + (-54 + 54 - (-3 + 1))?
33
Calculate (37 - 12) + -20 - (-1 - (2 - 1)).
7
5 - ((5 - 3) + -20 + 22 + -15)
16
What is -45 + 44 - (-6 + (-9 - (0 + -5)))?
9
What is the value of 14 - (36 - -8) - -16?
-14
What is the value of (-5 - (9 + -2)) + 9 + (-3 - -1)?
-5
What is 4 + -2 - 7 - -7?
2
Calculate 44 + -7 + -5 + -16.
16
(-26 + 11 - 1) + 21
5
Evaluate -18 - (-12 - (-10 - (-6 + 1))).
-11
Calculate -11 + 5 - (2 + 4 + -3 + -5).
-4
(9 - 18) + -5 + 2
-12
Evaluate 13 + 11 + (-3 - 6 - 9).
6
What is -13 - (-13 + -14 + 9)?
5
What is the value of 1 + (-5 - -8 - 12) + -6?
-14
What is the value of -10 + -4 + 6 + (6 - 5)?
-7
What is -1 - ((6 - 1) + (-98 - -88))?
4
Evaluate 1 + 19 + (17 - 30) - -12.
19
22 + (22 - (-20 - -93))
-29
What is 13 - -2 - 0 - 21?
-6
Calculate 17 + (-16 - 1) + -6.
-6
What is 0 + 15 - 2 - (-269 + 256)?
26
What is the value of -1 - -12 - (302 - 298)?
7
What is the value of -3 + -2 + 4 + 2 + 0?
1
-3 - (21 + 0 - 14)
-10
-9 + -9 + 4 + 15
1
Evaluate -3 + 0 + 36 - (-27 - (14 + -49)).
25
Calculate 270 + -283 - (-5 + -1).
-7
What is -8 + 5 + -12 + 117 + -115?
-13
What is 2 + 1 - (17 - 18 - -8)?
-4
(0 - -5) + 1 + -1 + 7
12
What is the value of 31 + -5 + -33 + 40?
33
Calculate 16 + (-18 + 29 + 3 - 15).
15
0 + -14 + 8 + -10 + 2 + -3
-17
What is 150 + -159 + (-4 - -1) + (-10 - 1)?
-23
-165 - -185 - (-1 - -56)
-35
16 - (22 - 9 - -4)
-1
(10 - 2) + (-57 - -73)
24
Calculate 7 + 1 - (-2 - 2 - (-21 + 20)).
11
What is the value of 12 + -6 + 1 - 2?
5
What is the value of 10 - ((0 + 0 + -4 - -1) + 5)?
8
What is the value of -43 + 50 + 30 + -37?
0
Calculate -19 + 24 + (1 + 3 - 2) + -1.
6
What is -2 + (5 - -15) + -11?
7
Calculate (6 - 3) + (4 - 2).
5
What is the value of (-3 - (-8 - -2)) + 2 - (36 - 2)?
-29
Calculate 11 + -29 + 8 + -1.
-11
What is the value of 12 + 8 + -8 + -15?
-3
What is 13 - (-16 + 12 + 3)?
14
Evaluate -12 + (27 - (6 + -10 + 6)).
13
Calculate -14 - 22 - ((2 - 18) + -2).
-18
(6 - -3 - 14) + 16 - (-16 - -2)
25
What is the value of 8 + -4 + -5 + 6 + -3 - 13?
-11
Calculate -24 + 7 + 11 - (1 + -4) - 0.
-3
What is the value of -2 - (22 + -45 + 19 - (1 - -4))?
7
What is the value of (-48 + 46 - (-6 + 0)) + -5 - 5?
-6
What is 92 + -119 - (2 + -14)?
-15
What is -321 + 304 - (1 - 6)?
-12
What is the value of ((-4 - -3) + 0 - 21) + (89 - 86)?
-19
Calculate (9 - -4) + -2 + -9 + 20.
22
Evaluate (-24 - (-9 - (-7 + 0 + 7))) + -3.
-18
Calculate 1 - (10 - 17 - -10).
-2
What is 12 + 0 + (4 - (42 - 8) - -28)?
10
Evaluate -9 + (4 - -35 - 15).
15
-9 + 2 + (-17 - -7 - -10) - -8
1
What is 9 + -11 + 12 + 7 + -5 + 1?
13
Evaluate -10 + (-1 + 7 - (4 + 9 + -12)).
-5
Calculate (-17 - -6) + 7 + -2 - -44.
38
Evaluate -3 + 9 - (-6 - -6 - (-15 + -16)).
-25
What is the value of 2 + -7 - (3 + -12)?
4
What is the value of -6 + -5 + (9 - -7) + -27?
-22
What is 2 + 9 + -7 + 2 - -1 - -2?
9
Evaluate -11 + 10 - (-5 + 0 - (-8 - -1)).
-3
(-4 + (9 - 12) - -1) + -4
-10
What is 113 + -106 + 0 + 28 + -5?
30
What is the value of (0 + 1 + -5 - -6) + 1 + 6?
9
-4 + 3 - ((-25 - 2) + (4 - -5))
17
Calculate -4 - -7 - (-40 + 47 + (-4 - -1)).
-1
What is -33 - -18 - (3 + -29)?
11
What is (15 - 2 - (6 + -1 + -1)) + -8?
1
-1 + 21 - (-2 + 74 + -80)
28
Calculate -6 - (-4 - (-4 + 0 + (-9 - -9))).
-6
What is -2 + -24 + (27 - (23 + -9))?
-13
(6 + 0 - (7 + 3 + 1)) + 26
21
Calculate 48 + -51 + 14 + 1.
12
What is the value of (-31 - -35) + -18 + (-2 - (-7 - -3))?
-12
What is 17 + -2 + -85 + 78 - 12?
-4
What is the value of 26 - (46 - (12 - -11))?
3
What is the value of 13 - 8 - (17 + -4)?
-8
-2 + (12 + -10 - (-1 + 3)) + 1
-1
Evaluate 3 + -8 + (-7 - 4) + 5 - 1.
-12
What is the value of -51 + 39 - (4 - -6)?
-22
What is -10 + (1 + 6 + 7 - 10)?
-6
What is the value of (276 - 247) + -37 + 1?
-7
Evaluate -1 + -10 + -16 + (-9 - -19).
-17
What is the value of -9 + 7 - 5 - (-3 + 0 + 4)?
-8
Calculate (-255 - -223) + 24 + -1.
-9
What is 11 - (2 - 4 - (-10 - -7))?
10
7 - (13 - -4) - (1 + 0 + 4)
-15
What is 13 - (1 + 11 + 31 + -45)?
15
What is the value of 20 + (-9 + 5 - 13) + 8 + 0?
11
What is -236 - -234 - (-12 + (-4 - -6))?
8
What is 4 + -4 + 4 + (22 - 38)?
-12
Calculate (0 + -7 - -3) + 10.
6
Evaluate (-5 - -5) + 0 + 6 + -2 - 4.
0
What is -8 + 1 - (-8 + 